{"id":4099,"date":"2025-07-06T13:25:28","date_gmt":"2025-07-06T11:25:28","guid":{"rendered":"https:\/\/www.stravex.com\/?page_id=4099"},"modified":"2025-12-31T14:15:27","modified_gmt":"2025-12-31T13:15:27","slug":"spedition-europa-transporte","status":"publish","type":"page","link":"https:\/\/www.stravex.com\/de\/spedition-europa-transporte","title":{"rendered":"Internationale Spedition: Transporte in Europa"},"content":{"rendered":"<div id=\"pl-4099\"  class=\"panel-layout\" ><div id=\"pg-4099-0\"  class=\"panel-grid panel-no-style\" ><div id=\"pgc-4099-0-0\"  class=\"panel-grid-cell\" ><div id=\"panel-4099-0-0-0\" class=\"so-panel widget widget_sow-image panel-first-child panel-last-child\" data-index=\"0\" ><div\n\t\t\t\n\t\t\tclass=\"so-widget-sow-image so-widget-sow-image-default-6ec9e3772f75-4099\"\n\t\t\t\n\t\t>\n<div class=\"sow-image-container\">\n\t\t\t<a href=\"\/wp-content\/uploads\/2025\/07\/maps-europa-v1.png\"\n\t\t\t\t\t>\n\t\t\t<img \n\tsrc=\"https:\/\/www.stravex.com\/wp-content\/uploads\/2025\/07\/maps-europa-v1-300x265.png\" width=\"300\" height=\"265\" srcset=\"https:\/\/www.stravex.com\/wp-content\/uploads\/2025\/07\/maps-europa-v1-300x265.png 300w, https:\/\/www.stravex.com\/wp-content\/uploads\/2025\/07\/maps-europa-v1-1024x905.png 1024w, https:\/\/www.stravex.com\/wp-content\/uploads\/2025\/07\/maps-europa-v1-768x678.png 768w, https:\/\/www.stravex.com\/wp-content\/uploads\/2025\/07\/maps-europa-v1-1536x1357.png 1536w, https:\/\/www.stravex.com\/wp-content\/uploads\/2025\/07\/maps-europa-v1.png 1920w\" sizes=\"(max-width: 300px) 100vw, 300px\" title=\"Transport von Sammelgut und \u00fcbergro\u00dfer Ladung in Europa, Konsolidierung in Europa\" alt=\"Transport von Sammelgut und \u00fcbergro\u00dfer Ladung in Europa, Konsolidierung in Europa\" \t\tclass=\"so-widget-image\"\/>\n\t\t\t<\/a><\/div>\n\n<\/div><\/div><\/div><div id=\"pgc-4099-0-1\"  class=\"panel-grid-cell\" ><div id=\"panel-4099-0-1-0\" class=\"so-panel widget widget_black-studio-tinymce widget_black_studio_tinymce panel-first-child panel-last-child\" data-index=\"1\" ><div class=\"textwidget\"><h2><span style=\"font-size: 30px;\"><strong>Als erfahrene internationale Spedition bieten wir ma\u00dfgeschneiderte Logistikl\u00f6sungen f\u00fcr den weltweiten G\u00fctertransport von und nach Europa \u2013 per LKW, Flugzeug, Schiff und Bahn.<\/strong><\/span><\/h2>\n<\/div><\/div><\/div><\/div><div id=\"pg-4099-1\"  class=\"panel-grid panel-no-style\" ><div id=\"pgc-4099-1-0\"  class=\"panel-grid-cell\" ><div id=\"panel-4099-1-0-0\" class=\"so-panel widget widget_black-studio-tinymce widget_black_studio_tinymce panel-first-child panel-last-child\" data-index=\"2\" ><div class=\"textwidget\"><p><span style=\"font-size: 24px;\"><a href=\"https:\/\/www.stravex.com\/de\/lkw-deutschland-containertransporte-hamburg\" target=\"_blank\" rel=\"noopener\"><strong>LKW-Transporte<\/strong><\/a> <strong>in Europa<\/strong><\/span><\/p>\n<ul>\n<li>Europaweite Komplett- und Teilladungen sowie Sammelgutverkehre<\/li>\n<li>Direktlieferungen zwischen Europa und allen mittelasiatischen L\u00e4ndern<\/li>\n<li>Express-Transporte f\u00fcr eilige G\u00fcter innerhalb Europas<\/li>\n<li>Projekt-, Gro\u00dfraum- und Schwerguttransporte von und nach allen europ\u00e4ischen L\u00e4ndern<\/li>\n<li>Gefahrgut-, Thermo- und K\u00fchltransporte<\/li>\n<\/ul>\n<p>&nbsp;<\/p>\n<h4><span style=\"font-size: 24px;\"><a href=\"https:\/\/www.stravex.com\/de\/seefracht-deutschland-container\" target=\"_blank\" rel=\"noopener\"><strong>Seetransporte<\/strong><\/a>: <strong>Seefracht Europa \u2013 weltweit<\/strong><\/span><\/h4>\n<ul>\n<li>Weltweite Containertransporte zwischen Europa, Asien, Amerika und Afrika \u00fcber H\u00e4fen wie Antwerpen, Rotterdam, Hamburg, Bremerhaven, Wilhelmshaven, Le Havre u.\u202fv.\u202fm.\n<ul>\n<li>W\u00f6chentliche Sammelgutcontainer weltweit<\/li>\n<li>Transport von St\u00fcckgut<\/li>\n<\/ul>\n<\/li>\n<li>Shortsea-Verkehre mit F\u00e4hren und Feeder-Schiffen zu europ\u00e4ischen H\u00e4fen wie L\u00fcbeck, Kiel, Klaipeda, Ventspils, Helsinki, Kotka, Aarhus, Bergen und G\u00f6teborg\n<ul>\n<li>Transport von Nutzfahrzeugen, Containern und Schwergut<\/li>\n<\/ul>\n<\/li>\n<\/ul>\n<p>&nbsp;<\/p>\n<p><span style=\"font-size: 24px;\"><a href=\"https:\/\/www.stravex.com\/de\/luftfracht-deutschland-lufttransporte\" target=\"_blank\" rel=\"noopener\"><strong>Lufttransporte<\/strong><\/a>: <strong>Luftfracht Europa \u2013 weltweit<\/strong><\/span><\/p>\n<ul>\n<li>Weltweite Lufttransporte \u00fcber europ\u00e4ische Luftfrachtdrehkreuze wie Frankfurt am Main, London, Amsterdam, Paris, L\u00fcttich, Prag, M\u00fcnchen, Berlin, Hamburg etc.<\/li>\n<li>Luftfracht per Frachtflugzeug, Charter oder als Cargo in Passagierflugzeugen<\/li>\n<li>Sondertarife f\u00fcr Luftfrachttransporte von und nach China und Japan<\/li>\n<li>Partneragenturen und Zollagenten an vielen europ\u00e4ischen Flugh\u00e4fen<\/li>\n<\/ul>\n<p>&nbsp;<\/p>\n<p><span style=\"font-size: 24px;\"><a href=\"https:\/\/www.stravex.com\/de\/bahnfracht-deutschland-spedition\" target=\"_blank\" rel=\"noopener\"><strong>Bahnfracht<\/strong><\/a>: <strong>Bahntransporte Europa \u2013 Asien<\/strong><\/span><\/p>\n<ul>\n<li>Containertransporte per Bahn zwischen europ\u00e4ischen Seeh\u00e4fen und dem europ\u00e4ischen Binnenland<\/li>\n<li>Sichere und kosteng\u00fcnstige Bahntransporte von Europa nach Mittel- und Ostasien \u00fcber Nord- und S\u00fcdroute<\/li>\n<li>Bahntransporte mit Waggons, Flachwaggons sowie Umladung auf LKW<\/li>\n<li>Multimodale Transporte: Kombination von Bahn, LKW und Schiff<\/li>\n<\/ul>\n<p>&nbsp;<\/p>\n<p>Wir f\u00fchren LKW-Transporte zwischen den folgenden L\u00e4ndern Europas durch: Belgien, Bulgarien, D\u00e4nemark, Deutschland, Estland, Finnland, Frankreich, Griechenland, Gro\u00dfbritannien, Irland, Italien, Kroatien, Lettland, Litauen, Luxemburg, Malta, den Niederlanden, Norwegen, \u00d6sterreich, Polen, Portugal, Rum\u00e4nien, Schweden, der Schweiz, Serbien, der Slowakei, Slowenien, Spanien, Tschechien, der Ukraine, Ungarn und Zypern.<\/p>\n<p>&nbsp;<\/p>\n<p><strong>Ihre professionelle europ\u00e4ische Spedition in Deutschland f\u00fcr internationale Transporte per LKW, Flugzeug, Schiff und Bahn: <\/strong><a href=\"https:\/\/www.stravex.com\/de\/kontakt\"><strong>Kontaktieren<\/strong><\/a><strong> Sie uns jetzt f\u00fcr ein unverbindliches Angebot!<\/strong><\/p>\n<hr \/>\n<p>&nbsp;<\/p>\n<\/div><\/div><\/div><\/div><\/div>","protected":false},"excerpt":{"rendered":"<p>Weltweite Frachttransporte von und nach Europa <\/p>\n","protected":false},"author":1,"featured_media":2840,"parent":0,"menu_order":0,"comment_status":"closed","ping_status":"closed","template":"page-service.php","meta":{"_acf_changed":false,"footnotes":""},"class_list":["post-4099","page","type-page","status-publish","has-post-thumbnail","hentry"],"acf":[],"_links":{"self":[{"href":"https:\/\/www.stravex.com\/de\/wp-json\/wp\/v2\/pages\/4099","targetHints":{"allow":["GET"]}}],"collection":[{"href":"https:\/\/www.stravex.com\/de\/wp-json\/wp\/v2\/pages"}],"about":[{"href":"https:\/\/www.stravex.com\/de\/wp-json\/wp\/v2\/types\/page"}],"author":[{"embeddable":true,"href":"https:\/\/www.stravex.com\/de\/wp-json\/wp\/v2\/users\/1"}],"replies":[{"embeddable":true,"href":"https:\/\/www.stravex.com\/de\/wp-json\/wp\/v2\/comments?post=4099"}],"version-history":[{"count":5,"href":"https:\/\/www.stravex.com\/de\/wp-json\/wp\/v2\/pages\/4099\/revisions"}],"predecessor-version":[{"id":5358,"href":"https:\/\/www.stravex.com\/de\/wp-json\/wp\/v2\/pages\/4099\/revisions\/5358"}],"wp:featuredmedia":[{"embeddable":true,"href":"https:\/\/www.stravex.com\/de\/wp-json\/wp\/v2\/media\/2840"}],"wp:attachment":[{"href":"https:\/\/www.stravex.com\/de\/wp-json\/wp\/v2\/media?parent=4099"}],"curies":[{"name":"wp","href":"https:\/\/api.w.org\/{rel}","templated":true}]}}

<div id="pl-4099"  class="panel-layout" ><div id="pg-4099-0"  class="panel-grid panel-no-style" ><div id="pgc-4099-0-0"  class="panel-grid-cell" ><div id="panel-4099-0-0-0" class="so-panel widget widget_sow-image panel-first-child panel-last-child" data-index="0" ><div
			
			class="so-widget-sow-image so-widget-sow-image-default-6ec9e3772f75-4099"
			
		>
<div class="sow-image-container">
			<a href="/wp-content/uploads/2025/07/maps-europa-v1.png"
					>
			<img 
	src="https://www.stravex.com/wp-content/uploads/2025/07/maps-europa-v1-300x265.png" width="300" height="265" srcset="https://www.stravex.com/wp-content/uploads/2025/07/maps-europa-v1-300x265.png 300w, https://www.stravex.com/wp-content/uploads/2025/07/maps-europa-v1-1024x905.png 1024w, https://www.stravex.com/wp-content/uploads/2025/07/maps-europa-v1-768x678.png 768w, https://www.stravex.com/wp-content/uploads/2025/07/maps-europa-v1-1536x1357.png 1536w, https://www.stravex.com/wp-content/uploads/2025/07/maps-europa-v1.png 1920w" sizes="(max-width: 300px) 100vw, 300px" title="Transport von Sammelgut und übergroßer Ladung in Europa, Konsolidierung in Europa" alt="Transport von Sammelgut und übergroßer Ladung in Europa, Konsolidierung in Europa" 		class="so-widget-image"/>
			</a></div>

</div></div></div><div id="pgc-4099-0-1"  class="panel-grid-cell" ><div id="panel-4099-0-1-0" class="so-panel widget widget_black-studio-tinymce widget_black_studio_tinymce panel-first-child panel-last-child" data-index="1" ><div class="textwidget"><h2><span style="font-size: 30px;"><strong>Als erfahrene internationale Spedition bieten wir maßgeschneiderte Logistiklösungen für den weltweiten Gütertransport von und nach Europa – per LKW, Flugzeug, Schiff und Bahn.</strong></span></h2>
</div></div></div></div><div id="pg-4099-1"  class="panel-grid panel-no-style" ><div id="pgc-4099-1-0"  class="panel-grid-cell" ><div id="panel-4099-1-0-0" class="so-panel widget widget_black-studio-tinymce widget_black_studio_tinymce panel-first-child panel-last-child" data-index="2" ><div class="textwidget"><p><span style="font-size: 24px;"><a href="https://www.stravex.com/de/lkw-deutschland-containertransporte-hamburg" target="_blank" rel="noopener"><strong>LKW-Transporte</strong></a> <strong>in Europa</strong></span></p>
<ul>
<li>Europaweite Komplett- und Teilladungen sowie Sammelgutverkehre</li>
<li>Direktlieferungen zwischen Europa und allen mittelasiatischen Ländern</li>
<li>Express-Transporte für eilige Güter innerhalb Europas</li>
<li>Projekt-, Großraum- und Schwerguttransporte von und nach allen europäischen Ländern</li>
<li>Gefahrgut-, Thermo- und Kühltransporte</li>
</ul>
<p>&nbsp;</p>
<h4><span style="font-size: 24px;"><a href="https://www.stravex.com/de/seefracht-deutschland-container" target="_blank" rel="noopener"><strong>Seetransporte</strong></a>: <strong>Seefracht Europa – weltweit</strong></span></h4>
<ul>
<li>Weltweite Containertransporte zwischen Europa, Asien, Amerika und Afrika über Häfen wie Antwerpen, Rotterdam, Hamburg, Bremerhaven, Wilhelmshaven, Le Havre u. v. m.
<ul>
<li>Wöchentliche Sammelgutcontainer weltweit</li>
<li>Transport von Stückgut</li>
</ul>
</li>
<li>Shortsea-Verkehre mit Fähren und Feeder-Schiffen zu europäischen Häfen wie Lübeck, Kiel, Klaipeda, Ventspils, Helsinki, Kotka, Aarhus, Bergen und Göteborg
<ul>
<li>Transport von Nutzfahrzeugen, Containern und Schwergut</li>
</ul>
</li>
</ul>
<p>&nbsp;</p>
<p><span style="font-size: 24px;"><a href="https://www.stravex.com/de/luftfracht-deutschland-lufttransporte" target="_blank" rel="noopener"><strong>Lufttransporte</strong></a>: <strong>Luftfracht Europa – weltweit</strong></span></p>
<ul>
<li>Weltweite Lufttransporte über europäische Luftfrachtdrehkreuze wie Frankfurt am Main, London, Amsterdam, Paris, Lüttich, Prag, München, Berlin, Hamburg etc.</li>
<li>Luftfracht per Frachtflugzeug, Charter oder als Cargo in Passagierflugzeugen</li>
<li>Sondertarife für Luftfrachttransporte von und nach China und Japan</li>
<li>Partneragenturen und Zollagenten an vielen europäischen Flughäfen</li>
</ul>
<p>&nbsp;</p>
<p><span style="font-size: 24px;"><a href="https://www.stravex.com/de/bahnfracht-deutschland-spedition" target="_blank" rel="noopener"><strong>Bahnfracht</strong></a>: <strong>Bahntransporte Europa – Asien</strong></span></p>
<ul>
<li>Containertransporte per Bahn zwischen europäischen Seehäfen und dem europäischen Binnenland</li>
<li>Sichere und kostengünstige Bahntransporte von Europa nach Mittel- und Ostasien über Nord- und Südroute</li>
<li>Bahntransporte mit Waggons, Flachwaggons sowie Umladung auf LKW</li>
<li>Multimodale Transporte: Kombination von Bahn, LKW und Schiff</li>
</ul>
<p>&nbsp;</p>
<p>Wir führen LKW-Transporte zwischen den folgenden Ländern Europas durch: Belgien, Bulgarien, Dänemark, Deutschland, Estland, Finnland, Frankreich, Griechenland, Großbritannien, Irland, Italien, Kroatien, Lettland, Litauen, Luxemburg, Malta, den Niederlanden, Norwegen, Österreich, Polen, Portugal, Rumänien, Schweden, der Schweiz, Serbien, der Slowakei, Slowenien, Spanien, Tschechien, der Ukraine, Ungarn und Zypern.</p>
<p>&nbsp;</p>
<p><strong>Ihre professionelle europäische Spedition in Deutschland für internationale Transporte per LKW, Flugzeug, Schiff und Bahn: </strong><a href="https://www.stravex.com/de/kontakt"><strong>Kontaktieren</strong></a><strong> Sie uns jetzt für ein unverbindliches Angebot!</strong></p>
<hr />
<p>&nbsp;</p>
</div></div></div></div></div>
